{"id":969,"date":"2018-08-29T18:29:13","date_gmt":"2018-08-29T21:29:13","guid":{"rendered":"https:\/\/isfd157-bue.infd.edu.ar\/sitio\/curso-inicial\/"},"modified":"2021-02-12T11:07:18","modified_gmt":"2021-02-12T14:07:18","slug":"curso-inicial","status":"publish","type":"page","link":"https:\/\/isfd157-bue.infd.edu.ar\/sitio\/curso-inicial\/","title":{"rendered":"Curso inicial"},"content":{"rendered":"<p style=\"text-align: left;\">En virtud del DNU 297\/2020 que establece el aislamiento social, preventivo y obligatorio, para todas las personas que se encuentren en el pa\u00eds, el <strong>Taller Inicial<\/strong> se concretar\u00e1 en las aulas virtuales del Instituto. Esta informaci\u00f3n puede mantenerse o cambiar de acuerdo a las decisiones institucionales y gubernamentales.<\/p>\n<p style=\"text-align: left;\">Muy pronto, desde aqu\u00ed, podr\u00e1s descargar el MANUAL necesario para completar las actividades propuestas por los y las docentes de la carrera. Estamos preparando todo el material para este nuevo ciclo lectivo que comienza.<\/p>\n<p style=\"text-align: left;\">En caso que est\u00e9s inscripto o inscripta en la Carrera, entre el <strong>12 y el 15 de marzo de 2021<\/strong>, recibir\u00e1n en tu correo electr\u00f3nico el nombre de usuario y contrase\u00f1a para acceder al campus virtual. Si no sab\u00e9s c\u00f3mo ingresar a las aulas virtuales, comunicate al correo <strong>fabian.fretti@gmail.com<\/strong> y coment\u00e1 tu situaci\u00f3n.<\/p>\n<p>Mir\u00e1 el siguiente <strong>tutorial<\/strong> para concocer el procedimiento de ingreso al <strong>Campus Virtual<\/strong>.<\/p>\n<p><iframe loading=\"lazy\" src=\"https:\/\/www.youtube.com\/embed\/YsKAfbrvAL4\" width=\"560\" height=\"315\" frameborder=\"0\" allowfullscreen=\"allowfullscreen\"><\/iframe><\/p>\n","protected":false},"excerpt":{"rendered":"<p>En virtud del DNU 297\/2020 que establece el aislamiento social, preventivo y obligatorio, para todas las personas que se encuentren en el pa\u00eds, el Taller Inicial se concretar\u00e1 en las aulas virtuales del Instituto. Esta informaci\u00f3n puede mantenerse o cambiar de acuerdo a las decisiones institucionales y gubernamentales. Muy pronto, desde aqu\u00ed, podr\u00e1s descargar el &#8230; <a title=\"Curso inicial\" class=\"read-more\" href=\"https:\/\/isfd157-bue.infd.edu.ar\/sitio\/curso-inicial\/\" aria-label=\"More on Curso inicial\">[+]<\/a><\/p>\n","protected":false},"author":7,"featured_media":0,"parent":0,"menu_order":0,"comment_status":"closed","ping_status":"closed","template":"","meta":[],"acf":[],"_links":{"self":[{"href":"https:\/\/isfd157-bue.infd.edu.ar\/sitio\/wp-json\/wp\/v2\/pages\/969"}],"collection":[{"href":"https:\/\/isfd157-bue.infd.edu.ar\/sitio\/wp-json\/wp\/v2\/pages"}],"about":[{"href":"https:\/\/isfd157-bue.infd.edu.ar\/sitio\/wp-json\/wp\/v2\/types\/page"}],"author":[{"embeddable":true,"href":"https:\/\/isfd157-bue.infd.edu.ar\/sitio\/wp-json\/wp\/v2\/users\/7"}],"replies":[{"embeddable":true,"href":"https:\/\/isfd157-bue.infd.edu.ar\/sitio\/wp-json\/wp\/v2\/comments?post=969"}],"version-history":[{"count":7,"href":"https:\/\/isfd157-bue.infd.edu.ar\/sitio\/wp-json\/wp\/v2\/pages\/969\/revisions"}],"predecessor-version":[{"id":1122,"href":"https:\/\/isfd157-bue.infd.edu.ar\/sitio\/wp-json\/wp\/v2\/pages\/969\/revisions\/1122"}],"wp:attachment":[{"href":"https:\/\/isfd157-bue.infd.edu.ar\/sitio\/wp-json\/wp\/v2\/media?parent=969"}],"curies":[{"name":"wp","href":"https:\/\/api.w.org\/{rel}","templated":true}]}}