{"id":947,"date":"2018-08-29T18:29:06","date_gmt":"2018-08-29T21:29:06","guid":{"rendered":"https:\/\/isfd157-bue.infd.edu.ar\/sitio\/plan-de-evaluacion-institucional\/"},"modified":"2024-12-19T17:01:47","modified_gmt":"2024-12-19T20:01:47","slug":"plan-de-evaluacion-institucional","status":"publish","type":"page","link":"https:\/\/isfd157-bue.infd.edu.ar\/sitio\/plan-de-evaluacion-institucional\/","title":{"rendered":"Plan de Evaluaci\u00f3n Institucional"},"content":{"rendered":"\n<p><\/p>\n\n\n<p>El Plan de Evaluaci\u00f3n Institucional es parte del R\u00e9gimen Acad\u00e9mico Institucional o RAI que se construir\u00e1 a lo largo del ciclo lectivo 2025, en raz\u00f3n del cambio de RAM (R\u00e9gimen Acad\u00e9mico Marco), Res. 4196\/24, para el Nivel Superior, que regir\u00e1 a partir del a\u00f1o 2025.\u00a0<\/p>\n\n\n<div class=\"wp-block-file\"><object class=\"wp-block-file__embed\" data=\"https:\/\/isfd157-bue.infd.edu.ar\/sitio\/wp-content\/uploads\/2024\/12\/RAM-2025-1.pdf\" type=\"application\/pdf\" style=\"width:100%;height:600px\" aria-label=\"Incrustado de RAM-2025-1.\"><\/object><a id=\"wp-block-file--media-a15d3b32-c7b3-49c9-ac7b-8a01629db8d1\" href=\"https:\/\/isfd157-bue.infd.edu.ar\/sitio\/wp-content\/uploads\/2024\/12\/RAM-2025-1.pdf\">RAM-2025-1<\/a><a href=\"https:\/\/isfd157-bue.infd.edu.ar\/sitio\/wp-content\/uploads\/2024\/12\/RAM-2025-1.pdf\" class=\"wp-block-file__button wp-element-button\" download aria-describedby=\"wp-block-file--media-a15d3b32-c7b3-49c9-ac7b-8a01629db8d1\">Descarga<\/a><\/div>\n","protected":false},"excerpt":{"rendered":"<p>El Plan de Evaluaci\u00f3n Institucional es parte del R\u00e9gimen Acad\u00e9mico Institucional o RAI que se construir\u00e1 a lo largo del ciclo lectivo 2025, en raz\u00f3n del cambio de RAM (R\u00e9gimen Acad\u00e9mico Marco), Res. 4196\/24, para el Nivel Superior, que regir\u00e1 a partir del a\u00f1o 2025.\u00a0<\/p>\n","protected":false},"author":7,"featured_media":0,"parent":0,"menu_order":0,"comment_status":"closed","ping_status":"closed","template":"","meta":[],"acf":[],"_links":{"self":[{"href":"https:\/\/isfd157-bue.infd.edu.ar\/sitio\/wp-json\/wp\/v2\/pages\/947"}],"collection":[{"href":"https:\/\/isfd157-bue.infd.edu.ar\/sitio\/wp-json\/wp\/v2\/pages"}],"about":[{"href":"https:\/\/isfd157-bue.infd.edu.ar\/sitio\/wp-json\/wp\/v2\/types\/page"}],"author":[{"embeddable":true,"href":"https:\/\/isfd157-bue.infd.edu.ar\/sitio\/wp-json\/wp\/v2\/users\/7"}],"replies":[{"embeddable":true,"href":"https:\/\/isfd157-bue.infd.edu.ar\/sitio\/wp-json\/wp\/v2\/comments?post=947"}],"version-history":[{"count":4,"href":"https:\/\/isfd157-bue.infd.edu.ar\/sitio\/wp-json\/wp\/v2\/pages\/947\/revisions"}],"predecessor-version":[{"id":1169,"href":"https:\/\/isfd157-bue.infd.edu.ar\/sitio\/wp-json\/wp\/v2\/pages\/947\/revisions\/1169"}],"wp:attachment":[{"href":"https:\/\/isfd157-bue.infd.edu.ar\/sitio\/wp-json\/wp\/v2\/media?parent=947"}],"curies":[{"name":"wp","href":"https:\/\/api.w.org\/{rel}","templated":true}]}}