{"id":945,"date":"2018-08-29T18:29:05","date_gmt":"2018-08-29T21:29:05","guid":{"rendered":"https:\/\/isfd157-bue.infd.edu.ar\/sitio\/inscripcion-a-examenes\/"},"modified":"2020-03-31T21:14:59","modified_gmt":"2020-04-01T00:14:59","slug":"inscripcion-a-examenes","status":"publish","type":"page","link":"https:\/\/isfd157-bue.infd.edu.ar\/sitio\/inscripcion-a-examenes\/","title":{"rendered":"Inscripci\u00f3n a ex\u00e1menes"},"content":{"rendered":"<p>La inscripci\u00f3n a los ex\u00e1menes finales de la carrera se realiza <strong>personalmente<\/strong> en la Secretar\u00eda de la Instituci\u00f3n. En forma excepcional lo har\u00e1n los y las estudiantes que no residen en la ciudad de Azul, respetando las fechas previstas, por correo electr\u00f3nico o canal habilitado para tal fin. El mismo procedimiento aplica para cuando deseen \u00abborrarse\u00bb de alg\u00fan Examen final.<\/p>\n<p>Las fechas de las instancias finales se dan a conocer en la secci\u00f3n \u00abMesas de ex\u00e1menes\u00bb y en \u00abNoticias del Instituto\u00bb tambi\u00e9n aparecer\u00e1n instrucciones como el anuncio de las mismas.<\/p>\n<p>Estamos trabajando para crear nuevos sistemas para agilizar las inscripciones.<\/p>\n","protected":false},"excerpt":{"rendered":"<p>La inscripci\u00f3n a los ex\u00e1menes finales de la carrera se realiza personalmente en la Secretar\u00eda de la Instituci\u00f3n. En forma excepcional lo har\u00e1n los y las estudiantes que no residen en la ciudad de Azul, respetando las fechas previstas, por correo electr\u00f3nico o canal habilitado para tal fin. El mismo procedimiento aplica para cuando deseen &#8230; <a title=\"Inscripci\u00f3n a ex\u00e1menes\" class=\"read-more\" href=\"https:\/\/isfd157-bue.infd.edu.ar\/sitio\/inscripcion-a-examenes\/\" aria-label=\"More on Inscripci\u00f3n a ex\u00e1menes\">[+]<\/a><\/p>\n","protected":false},"author":7,"featured_media":0,"parent":0,"menu_order":0,"comment_status":"closed","ping_status":"closed","template":"","meta":[],"acf":[],"_links":{"self":[{"href":"https:\/\/isfd157-bue.infd.edu.ar\/sitio\/wp-json\/wp\/v2\/pages\/945"}],"collection":[{"href":"https:\/\/isfd157-bue.infd.edu.ar\/sitio\/wp-json\/wp\/v2\/pages"}],"about":[{"href":"https:\/\/isfd157-bue.infd.edu.ar\/sitio\/wp-json\/wp\/v2\/types\/page"}],"author":[{"embeddable":true,"href":"https:\/\/isfd157-bue.infd.edu.ar\/sitio\/wp-json\/wp\/v2\/users\/7"}],"replies":[{"embeddable":true,"href":"https:\/\/isfd157-bue.infd.edu.ar\/sitio\/wp-json\/wp\/v2\/comments?post=945"}],"version-history":[{"count":2,"href":"https:\/\/isfd157-bue.infd.edu.ar\/sitio\/wp-json\/wp\/v2\/pages\/945\/revisions"}],"predecessor-version":[{"id":1075,"href":"https:\/\/isfd157-bue.infd.edu.ar\/sitio\/wp-json\/wp\/v2\/pages\/945\/revisions\/1075"}],"wp:attachment":[{"href":"https:\/\/isfd157-bue.infd.edu.ar\/sitio\/wp-json\/wp\/v2\/media?parent=945"}],"curies":[{"name":"wp","href":"https:\/\/api.w.org\/{rel}","templated":true}]}}