{"id":943,"date":"2018-08-29T18:29:04","date_gmt":"2018-08-29T21:29:04","guid":{"rendered":"https:\/\/isfd157-bue.infd.edu.ar\/sitio\/horario\/"},"modified":"2020-04-02T12:54:29","modified_gmt":"2020-04-02T15:54:29","slug":"horario","status":"publish","type":"page","link":"https:\/\/isfd157-bue.infd.edu.ar\/sitio\/horario\/","title":{"rendered":"Horarios de cursada"},"content":{"rendered":"<p style=\"text-align: center;\"><strong>HORARIOS GENERALES &#8211; PRIMER CUATRIMESTRE 2020<\/strong><\/p>\n<p><strong><span style=\"color: #339966;\">Primer a\u00f1o<\/span><\/strong><\/p>\n<p><img decoding=\"async\" loading=\"lazy\" class=\"alignnone size-medium wp-image-1070\" src=\"https:\/\/isfd157-bue.infd.edu.ar\/sitio\/wp-content\/uploads\/2020\/03\/primer-a\u00f1o-1000x448.png\" alt=\"\" width=\"1000\" height=\"448\" srcset=\"https:\/\/isfd157-bue.infd.edu.ar\/sitio\/wp-content\/uploads\/2020\/03\/primer-a\u00f1o-1000x448.png 1000w, https:\/\/isfd157-bue.infd.edu.ar\/sitio\/wp-content\/uploads\/2020\/03\/primer-a\u00f1o-768x344.png 768w, https:\/\/isfd157-bue.infd.edu.ar\/sitio\/wp-content\/uploads\/2020\/03\/primer-a\u00f1o.png 1042w\" sizes=\"(max-width: 1000px) 100vw, 1000px\" \/><\/p>\n<p><span style=\"color: #339966;\"><strong>Segundo a\u00f1o<\/strong><\/span><\/p>\n<p><img decoding=\"async\" loading=\"lazy\" class=\"alignnone size-medium wp-image-1071\" src=\"https:\/\/isfd157-bue.infd.edu.ar\/sitio\/wp-content\/uploads\/2020\/03\/segundo-a\u00f1o-1000x431.png\" alt=\"\" width=\"1000\" height=\"431\" srcset=\"https:\/\/isfd157-bue.infd.edu.ar\/sitio\/wp-content\/uploads\/2020\/03\/segundo-a\u00f1o-1000x431.png 1000w, https:\/\/isfd157-bue.infd.edu.ar\/sitio\/wp-content\/uploads\/2020\/03\/segundo-a\u00f1o-768x331.png 768w, https:\/\/isfd157-bue.infd.edu.ar\/sitio\/wp-content\/uploads\/2020\/03\/segundo-a\u00f1o.png 1055w\" sizes=\"(max-width: 1000px) 100vw, 1000px\" \/><\/p>\n<p>En el segundo cuatrimestre, Psicolog\u00eda Social cambia por TFO: ESI en la Escuela Primaria.<\/p>\n<p><span style=\"color: #339966;\"><strong>Tercer a\u00f1o<\/strong><\/span><\/p>\n<p><img decoding=\"async\" loading=\"lazy\" class=\"alignnone size-medium wp-image-1072\" src=\"https:\/\/isfd157-bue.infd.edu.ar\/sitio\/wp-content\/uploads\/2020\/03\/tercer-a\u00f1o-1000x424.png\" alt=\"\" width=\"1000\" height=\"424\" srcset=\"https:\/\/isfd157-bue.infd.edu.ar\/sitio\/wp-content\/uploads\/2020\/03\/tercer-a\u00f1o-1000x424.png 1000w, https:\/\/isfd157-bue.infd.edu.ar\/sitio\/wp-content\/uploads\/2020\/03\/tercer-a\u00f1o-768x325.png 768w, https:\/\/isfd157-bue.infd.edu.ar\/sitio\/wp-content\/uploads\/2020\/03\/tercer-a\u00f1o.png 1041w\" sizes=\"(max-width: 1000px) 100vw, 1000px\" \/><\/p>\n<p><strong><span style=\"color: #339966;\">Cuarto a\u00f1o<\/span><\/strong><\/p>\n<p><img decoding=\"async\" loading=\"lazy\" class=\"alignnone size-medium wp-image-1069\" src=\"https:\/\/isfd157-bue.infd.edu.ar\/sitio\/wp-content\/uploads\/2020\/03\/cuarto-a\u00f1o-1000x408.png\" alt=\"\" width=\"1000\" height=\"408\" srcset=\"https:\/\/isfd157-bue.infd.edu.ar\/sitio\/wp-content\/uploads\/2020\/03\/cuarto-a\u00f1o-1000x408.png 1000w, https:\/\/isfd157-bue.infd.edu.ar\/sitio\/wp-content\/uploads\/2020\/03\/cuarto-a\u00f1o-768x313.png 768w, https:\/\/isfd157-bue.infd.edu.ar\/sitio\/wp-content\/uploads\/2020\/03\/cuarto-a\u00f1o.png 1049w\" sizes=\"(max-width: 1000px) 100vw, 1000px\" \/><\/p>\n","protected":false},"excerpt":{"rendered":"<p>HORARIOS GENERALES &#8211; PRIMER CUATRIMESTRE 2020 Primer a\u00f1o Segundo a\u00f1o En el segundo cuatrimestre, Psicolog\u00eda Social cambia por TFO: ESI en la Escuela Primaria. Tercer a\u00f1o Cuarto a\u00f1o<\/p>\n","protected":false},"author":7,"featured_media":0,"parent":0,"menu_order":0,"comment_status":"closed","ping_status":"closed","template":"","meta":[],"acf":[],"_links":{"self":[{"href":"https:\/\/isfd157-bue.infd.edu.ar\/sitio\/wp-json\/wp\/v2\/pages\/943"}],"collection":[{"href":"https:\/\/isfd157-bue.infd.edu.ar\/sitio\/wp-json\/wp\/v2\/pages"}],"about":[{"href":"https:\/\/isfd157-bue.infd.edu.ar\/sitio\/wp-json\/wp\/v2\/types\/page"}],"author":[{"embeddable":true,"href":"https:\/\/isfd157-bue.infd.edu.ar\/sitio\/wp-json\/wp\/v2\/users\/7"}],"replies":[{"embeddable":true,"href":"https:\/\/isfd157-bue.infd.edu.ar\/sitio\/wp-json\/wp\/v2\/comments?post=943"}],"version-history":[{"count":2,"href":"https:\/\/isfd157-bue.infd.edu.ar\/sitio\/wp-json\/wp\/v2\/pages\/943\/revisions"}],"predecessor-version":[{"id":1090,"href":"https:\/\/isfd157-bue.infd.edu.ar\/sitio\/wp-json\/wp\/v2\/pages\/943\/revisions\/1090"}],"wp:attachment":[{"href":"https:\/\/isfd157-bue.infd.edu.ar\/sitio\/wp-json\/wp\/v2\/media?parent=943"}],"curies":[{"name":"wp","href":"https:\/\/api.w.org\/{rel}","templated":true}]}}